h. What is the units digit of t?
2
What is the units digit of 3375 + ((-14)/7 - 0) + 5?
8
Suppose -g + 210 = 3*r, -16*r - 8 = -20*r. What is the units digit of g?
4
Let w be 3/(-2) - 207/(-6). What is the tens digit of (-284)/(-48)*w + (-6)/(-8)?
9
Let c = -1557 + 2228. What is the units digit of c?
1
Suppose -p = n - 5, -3*n + 4*p = -3 - 5. Suppose -63 = 2*j - 5*j + n*k, -5*j + 119 = -2*k. What is the units digit of j?
5
Let c be (-1)/((-1)/226) - -2. Let j = -141 + c. What is the tens digit of j?
8
Suppose -28*i + 8492 = -24800. What is the hundreds digit of i?
1
Suppose 12 = -k + 2*j, -j - 47 = 3*k + 4*j. Let b(w) = -6*w - 46. What is the tens digit of b(k)?
3
Suppose -3*i - 78 = -2*w, 5*w = -i - 0*i + 161. Let b = 108 - w. What is the units digit of b?
5
Let q be -435*2*1/(-6). Let j = q + -96. What is the tens digit of j?
4
Suppose -24*m - 10040 = -3*q - 19*m, -q + 3360 = m. What is the hundreds digit of q?
3
Let b(a) = -a + 2. Let x be b(0). Suppose 0 = -2*c - 4*o + 218, 6*c = 2*c + x*o + 406. What is the units digit of c?
3
Let z(h) = -3*h + 1. Let u be z(-3). Let c = -7 + u. Suppose -2*q - c*q = -130. What is the tens digit of q?
2
Let p = -7 - -69. Suppose j - p = 2*n, -n - 66 = -j - 0*n. What is the tens digit of j?
7
Suppose -3*f + j - 143 = -5*f, 2*f + 4*j - 134 = 0. Let o = f - 64. What is the units digit of o?
9
Suppose 5*z - 1113 - 137 = 0. What is the hundreds digit of z?
2
Let u = 1889 + -636. What is the thousands digit of u?
1
Let l = -161 + 71. Let g = -47 - l. What is the units digit of g?
3
Suppose -2 - 4 = -2*f. Let r(k) = k**2 - 2*k + 1. Let b be r(-2). Suppose 4*l + f = c + 2, 3*l = b. What is the units digit of c?
3
Suppose 0 = 3*n - 0*n - 12. Suppose -n*t = -10*t + 222. What is the tens digit of t?
3
Suppose -4 = -11*x + 678. What is the tens digit of x?
6
Let u = -5096 + 7878. What is the thousands digit of u?
2
Suppose -r = -5*r + 36. Let s(h) = 3*h + 12. Let u be s(r). Let z = 11 + u. What is the tens digit of z?
5
Let q(t) be the first derivative of t**4/2 - 4*t**3/3 + 3*t**2 - 7*t - 23. What is the tens digit of q(4)?
8
Suppose -858*q - 26570 = -868*q. What is the tens digit of q?
5
Let s(c) = 7*c**2 + 2*c + 3*c + 0 + 7 - 6. Let g(b) = 20*b**2 + 14*b + 4. Let f(l) = 6*g(l) - 17*s(l). What is the units digit of f(6)?
7
Suppose 8*b - 3*b + 15 = 0, -4*a + 4*b + 5052 = 0. What is the thousands digit of a?
1
Let h be 33/11*16/6. Suppose -756 = -h*w - 228. What is the units digit of w?
6
What is the hundreds digit of (3 - (-12)/2)/(6/164)?
2
What is the tens digit of (63 - -238) + (0 - 6/(-2))?
0
Let c = -8 + 27. Suppose 3*o = 4*g - 3 + c, 0 = -2*g + 4*o + 2. Let x = 5 - g. What is the units digit of x?
2
Let k be (36/8)/(1/94). Suppose 5*r - 25 = 0, -5*r - k = -2*z - 2*z. Suppose -5*c + z = -c. What is the tens digit of c?
2
Let u be (-1*1)/((-12)/468). Suppose 5*s + 2*h - 33 = 0, 0*h = -2*h + 8. Suppose s*p + u = 6*p. What is the units digit of p?
9
Suppose 13682 = 4*i + 2*l, -i + 4*l = -6*i + 17098. What is the units digit of i?
2
Suppose -3*y - 3*y = -4*y. Suppose -5*c - 5 = y, z - 51 - 26 = -5*c. What is the tens digit of z?
8
Let b be (-2 + 51)*8/4. What is the tens digit of 4 - (-1 - b/2)?
5
Let m = 2939 - -1185. What is the units digit of m?
4
Let j be ((-3)/(-2) - -2)/((-1)/(-2)). What is the tens digit of -6 + 10 - j/((-14)/108)?
5
Suppose 4*k - k = 6. Suppose g - 3*l = -4, 4 = -k*g - 2*l + 6*l. What is the tens digit of (190/25)/(g/5)?
1
Let w = 8 + -6. Suppose 5*q = 3*z - 15, -q + w + 1 = 0. Suppose -g - 2 = -z. What is the units digit of g?
8
Let r(w) = -w**2 - 12*w + 34. What is the units digit of r(-9)?
1
Let n(i) = 2*i**2 + 42*i - 18. Let y be n(-22). Suppose -y*o - 76 = -28*o. What is the tens digit of o?
3
Let c(j) be the first derivative of 9*j**2/2 - 47*j + 26. What is the units digit of c(26)?
7
Suppose 2*o - 6 = -o. Let j(d) = d + 1. Let n be j(o). What is the units digit of n/9*(3 + 18)?
7
Suppose 15409 - 1928 = 3*l + 5*u, -4*l - 3*u + 17982 = 0. What is the thousands digit of l?
4
Let w(m) = -m**3 + 6*m**2 - 2*m - 6. Let q be w(5). Suppose -6*p - 6 = -q*p. Suppose -111 = -p*v - v. What is the units digit of v?
7
Suppose 16*l = 12*l + 3200. What is the units digit of l?
0
Let p(v) = -2*v**3 + 7*v**2 + v. What is the units digit of p(3)?
2
Let i = -93 - -157. What is the units digit of 5672/i + 6/16?
9
Let z = -54 + 177. Suppose 0 = -a - f + 21, 0*f + z = 5*a - f. What is the units digit of a?
4
Let k(t) = 37*t**2. Let l be -3 + (5 - (-3)/(-3)). What is the tens digit of k(l)?
3
Suppose 25*i = 20*i + 20. Suppose 4*s - c - 736 = 0, i*c - 411 = -2*s - 43. What is the hundreds digit of s?
1
Let t(n) = -41*n**3 + n + 1. Let k = -40 - -33. Let y(w) = w**3 + 7*w**2 - w - 8. Let o be y(k). What is the tens digit of t(o)?
4
Let i be (1 + 127)*1/2. Let m be ((-21)/(-4))/(12/i). Suppose t - 14 + 6 = -d, -m = -t + 4*d. What is the units digit of t?
2
Let o(q) = -q - 1. Let i(f) = 9*f + 1. Let k be i(-1). Let t be o(k). Suppose -8*z = -t*z - 1. What is the units digit of z?
1
Suppose -4*x + 52 = -0*x + u, 4*x - 64 = -4*u. Suppose -g = -4*r - 18, -4*g + x = -r - 0*g. What is the tens digit of 497/14 + (-2)/r?
3
Suppose -2*m + 764 + 1220 = 0. What is the tens digit of m?
9
Suppose 0 = -6*x - 599 + 29. Let i = -39 - x. What is the tens digit of i?
5
Let h(s) = 2*s**3 - 12*s**2 + 3*s + 64. What is the units digit of h(10)?
4
Suppose 5*o - 3*s + 2*s = 5582, -4*s = 2*o - 2224. What is the hundreds digit of o?
1
Suppose 0 = -2*x + 8, 5*f - 164 - 1370 = 4*x. What is the hundreds digit of f?
3
Let p be ((-20)/4 - -11)*1/3. Suppose -p*u - 3*g + 230 = g, -3*u + 2*g + 385 = 0. What is the tens digit of u?
2
Suppose 3*x - c - 315 = 4349, 4*c = 5*x - 7771. What is the thousands digit of x?
1
Suppose 0 = -3*d - 3*t + 15, -4*t + 8 = -d + 38. Suppose -2*l - 4*w = -3*l - 25, 3*l + 2*w = -5. Let n = l + d. What is the units digit of n?
5
Let b(p) = -2281*p**3 + 8*p**2 - p - 1. What is the units digit of b(-1)?
9
Let p(z) = 8*z - 23. Let w(k) = -1. Let l(j) = -p(j) - 3*w(j). Let v be l(11). Let f = 97 + v. What is the tens digit of f?
3
What is the hundreds digit of ((-6)/14 - 18280/(-56)) + -4?
3
Let z(l) = -5 - 9*l - 2*l**2 + 5. Let u be z(-4). Suppose -u*o - 3 = -11. What is the units digit of o?
2
Let h(k) = 64*k**2 + 15*k + 22. What is the hundreds digit of h(-4)?
9
Suppose 3*s + 64 = 7*s. Let p = s + -14. Let z = 14 - p. What is the units digit of z?
2
Let h be (-1)/(-2)*(-6 + 16). Suppose 5*l = -5*c - 10, 2*c - 1 + h = -3*l. Suppose o - 2*k - 8 = l, o - 2*k + 32 = 5*o. What is the units digit of o?
8
Let c(s) = 19*s + 14. Suppose -3*a - 9*a = -120. What is the tens digit of c(a)?
0
Suppose -157 = 3*r - 1027. What is the units digit of r?
0
Let r be 4/(-26) - (-1472)/104. Suppose c = -2*u + 6*c + r, 2*u - 14 = 4*c. Suppose -u*y = -10*y + 204. What is the tens digit of y?
6
Suppose -j = 3*j + 268. Let q = -112 - j. What is the units digit of 60/q*15/(-2)?
0
Let y(i) be the first derivative of -1/4*i**4 + 5 + 0*i**2 - 8/3*i**3 + 3*i. What is the units digit of y(-8)?
3
Suppose 2*l = -3*l + 15. Suppose n + 8 = l*n. Suppose n*u - 8*u + 52 = 0. What is the units digit of u?
3
Let w(k) = -2*k**3 - 3 + 8*k**2 + 65*k - 62*k + 1. What is the units digit of w(4)?
0
Suppose -4*m - 2*v - 2*v + 1208 = 0, -5*v = 2*m - 607. What is the units digit of m?
1
Suppose -c + 247 = 2*b, 491 = 3*b + b + 3*c. Suppose 4*q = -b + 33. Let a = 41 + q. What is the units digit of a?
8
Suppose 3*p - 18 - 17 = 5*u, -5*u = -4*p + 40. What is the tens digit of (10/u - -2)/((-11)/286)?
1
Let a = -1317 - -3326. What is the thousands digit of a?
2
Suppose -2*y + 3*t = 89, -3 + 2 = -t. Let q = y - -75. What is the units digit of q?
2
Suppose -8 = 10*q - 28. What is the units digit of (4 - 6) + q + 18*11?
8
What is the tens digit of 3 + (-9)/3 + -1 - -91?
9
Let t(k) = k**3 + 17*k**2 + 13*k - 22. Let n be t(-16). Suppose -b = -40 - n. What is the tens digit of b?
6
Suppose -5*v + 158 = -4*t + 1418, -3*t = 4*v - 945. What is the units digit of t?
5
Let w(z) = z**2 - 7*z + 11. Let c be w(6). Suppose -c*f + 480 = -3*o - o, 3*f - 3*o = 291. Let b = -40 + f. What is the units digit of b?
2
Let l = 57 + -61. What is the units digit of (-615)/(-10) - (-2)/l?
1
Let